{"id":656,"date":"2021-04-27T15:31:42","date_gmt":"2021-04-27T15:31:42","guid":{"rendered":"https:\/\/webdesign.massagepraxishelgahuber.at\/?page_id=656"},"modified":"2026-04-01T09:13:38","modified_gmt":"2026-04-01T09:13:38","slug":"kontakt","status":"publish","type":"page","link":"https:\/\/massagepraxishelgahuber.at\/index.php\/kontakt\/","title":{"rendered":"Kontakt"},"content":{"rendered":"<p>[et_pb_section fb_built=&#8220;1&#8243; admin_label=&#8220;Header&#8220; _builder_version=&#8220;4.16&#8243; custom_margin=&#8220;||-9px|||&#8220; custom_padding=&#8220;0px|0px|0px|0px&#8220; global_colors_info=&#8220;{}&#8220;][et_pb_row column_structure=&#8220;1_2,1_2&#8243; use_custom_gutter=&#8220;on&#8220; gutter_width=&#8220;1&#8243; make_equal=&#8220;on&#8220; module_class=&#8220; et_pb_row_fullwidth&#8220; _builder_version=&#8220;4.16&#8243; background_color=&#8220;gcid-54d003c8-b732-4ce4-910f-641b186f3342&#8243; background_image=&#8220;https:\/\/massagepraxishelgahuber.at\/wp-content\/uploads\/2021\/04\/Blumen3.png&#8220; width=&#8220;100%&#8220; width_tablet=&#8220;100%&#8220; width_phone=&#8220;&#8220; width_last_edited=&#8220;on|desktop&#8220; max_width=&#8220;100%&#8220; max_width_tablet=&#8220;100%&#8220; max_width_phone=&#8220;&#8220; max_width_last_edited=&#8220;on|desktop&#8220; custom_margin=&#8220;|auto|5px|auto||&#8220; custom_padding=&#8220;0px||0px|||&#8220; animation_direction=&#8220;top&#8220; make_fullwidth=&#8220;on&#8220; global_colors_info=&#8220;{%22gcid-5a508167-3c09-4727-acdd-2da422f6ae76%22:%91%93,%22gcid-7909a26b-26ff-457e-b71f-4a87c1fb978e%22:%91%93,%22gcid-54d003c8-b732-4ce4-910f-641b186f3342%22:%91%22background_color%22%93}&#8220;][et_pb_column type=&#8220;1_2&#8243; _builder_version=&#8220;4.16&#8243; custom_padding=&#8220;10%|8%|10%|8%&#8220; global_colors_info=&#8220;{}&#8220; custom_padding__hover=&#8220;|||&#8220;][et_pb_text _builder_version=&#8220;4.17.4&#8243; text_font=&#8220;Montserrat|500||on|||||&#8220; text_text_color=&#8220;#353740&#8243; text_font_size=&#8220;16px&#8220; text_letter_spacing=&#8220;3px&#8220; custom_margin=&#8220;||11px|||&#8220; custom_padding=&#8220;||0px|||&#8220; animation_style=&#8220;fade&#8220; animation_direction=&#8220;bottom&#8220; locked=&#8220;off&#8220; global_colors_info=&#8220;{}&#8220;]<\/p>\n<p>Helga Huber<\/p>\n<p>[\/et_pb_text][et_pb_text _builder_version=&#8220;4.16&#8243; text_font=&#8220;||||||||&#8220; header_font=&#8220;Lato|||on|||||&#8220; header_text_color=&#8220;#f7f7f7&#8243; header_font_size=&#8220;43px&#8220; header_line_height=&#8220;1.3em&#8220; min_height=&#8220;56px&#8220; custom_margin=&#8220;||14px|||&#8220; animation_style=&#8220;fade&#8220; header_font_size_tablet=&#8220;&#8220; header_font_size_phone=&#8220;37px&#8220; header_font_size_last_edited=&#8220;on|phone&#8220; locked=&#8220;off&#8220; global_colors_info=&#8220;{}&#8220;]<\/p>\n<h1>Massagepraxis<\/h1>\n<p>[\/et_pb_text][et_pb_text _builder_version=&#8220;4.18.0&#8243; text_font=&#8220;Lato|200|||||||&#8220; text_text_color=&#8220;#353740&#8243; text_font_size=&#8220;20px&#8220; text_line_height=&#8220;1.8em&#8220; header_font=&#8220;||||||||&#8220; custom_margin=&#8220;-9px||50px|||&#8220; animation_style=&#8220;fade&#8220; animation_direction=&#8220;top&#8220; locked=&#8220;off&#8220; global_colors_info=&#8220;{}&#8220; custom_padding=&#8220;|||2px||&#8220;]<\/p>\n<div class=\"textwidget\">\n<p><strong>Helga Huber<\/strong><br \/>Masseurin<\/p>\n<p>Habichtweg 12<br \/>(Himmelreich)<br \/>4844 Regau<\/p>\n<p>Telefon: 0664 547 9 347<\/p>\n<p>Ich bem\u00fche mich um schnelle Terminvergabe und ber\u00fccksichtige ebenfalls Akut- und Problemf\u00e4lle. Um telefonische Terminvereinbarung wird gebeten.<\/p>\n<p>Sie k\u00f6nnen mit mir auch einen Termin im Medic-Fit Therapiezentrum V\u00f6cklabruck vereinbaren:<\/p>\n<p><a href=\"https:\/\/www.medic-fit.at\/therapie\/massage\" target=\"_blank\" rel=\"noopener\">https:\/\/www.medic-fit.at\/<\/a><\/p>\n<\/div>\n<p>&nbsp;<\/p>\n<p>[\/et_pb_text][\/et_pb_column][et_pb_column type=&#8220;1_2&#8243; _builder_version=&#8220;4.16&#8243; background_image=&#8220;https:\/\/massagepraxishelgahuber.at\/wp-content\/uploads\/2021\/04\/6FDC1A98-0DD2-4394-ACFB-70370DB518D5-scaled.jpg&#8220; parallax=&#8220;on&#8220; custom_padding=&#8220;|||&#8220; background_last_edited=&#8220;on|desktop&#8220; background_enable_image_tablet=&#8220;off&#8220; global_colors_info=&#8220;{}&#8220; custom_padding__hover=&#8220;|||&#8220;][\/et_pb_column][\/et_pb_row][\/et_pb_section][et_pb_section fb_built=&#8220;1&#8243; disabled_on=&#8220;off|off|off&#8220; admin_label=&#8220;Trenner&#8220; _builder_version=&#8220;4.16&#8243; background_color=&#8220;#C3B4BC&#8220; custom_padding=&#8220;12px|0px|12px|0px|true|false&#8220; bottom_divider_style=&#8220;slant&#8220; bottom_divider_color=&#8220;gcid-9baae3b6-fe1d-458c-aa0b-9480b210272b&#8220; bottom_divider_flip=&#8220;horizontal&#8220; bottom_divider_arrangement=&#8220;above_content&#8220; global_colors_info=&#8220;{%22gcid-9baae3b6-fe1d-458c-aa0b-9480b210272b%22:%91%22bottom_divider_color%22%93}&#8220;][\/et_pb_section][et_pb_section fb_built=&#8220;1&#8243; admin_label=&#8220;Schr\u00f6pfmassage&#8220; _builder_version=&#8220;4.16&#8243; background_color=&#8220;gcid-9baae3b6-fe1d-458c-aa0b-9480b210272b&#8220; custom_padding=&#8220;0px|0px|0px|0px|false|false&#8220; global_colors_info=&#8220;{%22gcid-b90036fe-293e-4e01-8725-a17dca2ef2b9%22:%91%93,%22gcid-be6f5531-6e40-4dfa-bea7-221ab96e3646%22:%91%93,%22gcid-9baae3b6-fe1d-458c-aa0b-9480b210272b%22:%91%22background_color%22%93}&#8220;][et_pb_row _builder_version=&#8220;4.16&#8243; _module_preset=&#8220;default&#8220; global_colors_info=&#8220;{}&#8220;][et_pb_column type=&#8220;4_4&#8243; _builder_version=&#8220;4.16&#8243; _module_preset=&#8220;default&#8220; global_colors_info=&#8220;{}&#8220;][et_pb_text _builder_version=&#8220;4.18.0&#8243; text_font=&#8220;|300|||||||&#8220; text_text_color=&#8220;gcid-e7c51b59-300c-4e3d-8936-2bafa78fc5b8&#8243; text_font_size=&#8220;20px&#8220; text_line_height=&#8220;1.8em&#8220; header_font=&#8220;||||||||&#8220; text_orientation=&#8220;center&#8220; custom_margin=&#8220;0px||0px||false|false&#8220; animation_style=&#8220;fade&#8220; animation_direction=&#8220;top&#8220; locked=&#8220;off&#8220; global_colors_info=&#8220;{%22gcid-e7c51b59-300c-4e3d-8936-2bafa78fc5b8%22:%91%22text_text_color%22%93}&#8220; custom_padding__hover_enabled=&#8220;on|desktop&#8220;]<\/p>\n<div class=\"textwidget\">\n<p><span style=\"font-size: 20px;\">Ich bem\u00fche mich um schnelle Terminvergabe und ber\u00fccksichtige ebenfalls Akut- und Problemf\u00e4lle. Um telefonische Terminvereinbarung wird gebeten.<\/span><\/p>\n<p>Sie k\u00f6nnen mit mir auch einen Termin im Medic-Fit Therapiezentrum V\u00f6cklabruck vereinbaren:<\/p>\n<p><a href=\"https:\/\/www.medic-fit.at\">https:\/\/www.medic-fit.at<\/a><\/p>\n<\/div>\n<p>&nbsp;<\/p>\n<p>[\/et_pb_text][\/et_pb_column][\/et_pb_row][\/et_pb_section][et_pb_section fb_built=&#8220;1&#8243; disabled_on=&#8220;off|off|off&#8220; admin_label=&#8220;Trenner&#8220; _builder_version=&#8220;4.16&#8243; background_color=&#8220;#F7F5EE&#8220; custom_padding=&#8220;10px|0px|10px|0px|true|false&#8220; bottom_divider_style=&#8220;slant&#8220; bottom_divider_color=&#8220;gcid-54d003c8-b732-4ce4-910f-641b186f3342&#8243; bottom_divider_flip=&#8220;horizontal&#8220; bottom_divider_arrangement=&#8220;above_content&#8220; global_colors_info=&#8220;{%22gcid-54d003c8-b732-4ce4-910f-641b186f3342%22:%91%22bottom_divider_color%22%93}&#8220;][\/et_pb_section][et_pb_section fb_built=&#8220;1&#8243; admin_label=&#8220;Kontakt&#8220; module_id=&#8220;terminanfragen&#8220; _builder_version=&#8220;4.16&#8243; background_color=&#8220;gcid-54d003c8-b732-4ce4-910f-641b186f3342&#8243; background_image=&#8220;https:\/\/massagepraxishelgahuber.at\/wp-content\/uploads\/2021\/04\/Blumen3.png&#8220; custom_padding=&#8220;1.8%||10%||false|false&#8220; bottom_divider_flip=&#8220;horizontal&#8220; global_colors_info=&#8220;{%22gcid-b90036fe-293e-4e01-8725-a17dca2ef2b9%22:%91%93,%22gcid-5a508167-3c09-4727-acdd-2da422f6ae76%22:%91%22colorStart%22%93,%22gcid-7909a26b-26ff-457e-b71f-4a87c1fb978e%22:%91%93,%22gcid-54d003c8-b732-4ce4-910f-641b186f3342%22:%91%22background_color%22%93}&#8220;][et_pb_row _builder_version=&#8220;4.16&#8243; custom_padding=&#8220;0px|||||&#8220; locked=&#8220;off&#8220; global_colors_info=&#8220;{}&#8220;][et_pb_column type=&#8220;4_4&#8243; _builder_version=&#8220;4.16&#8243; custom_padding=&#8220;|||&#8220; global_colors_info=&#8220;{}&#8220; custom_padding__hover=&#8220;|||&#8220;][et_pb_text admin_label=&#8220;Title&#8220; _builder_version=&#8220;4.16&#8243; text_font=&#8220;Satisfy||||||||&#8220; text_text_color=&#8220;gcid-b90036fe-293e-4e01-8725-a17dca2ef2b9&#8243; text_font_size=&#8220;18px&#8220; text_line_height=&#8220;1.8em&#8220; link_font=&#8220;||||||||&#8220; ul_font=&#8220;||||||||&#8220; ol_font=&#8220;||||||||&#8220; quote_font=&#8220;||||||||&#8220; header_font=&#8220;Satisfy||||||||&#8220; header_text_color=&#8220;gcid-b90036fe-293e-4e01-8725-a17dca2ef2b9&#8243; header_font_size=&#8220;49px&#8220; header_2_font=&#8220;Lato|700|||||||&#8220; header_2_font_size=&#8220;40px&#8220; header_2_letter_spacing=&#8220;1px&#8220; header_2_line_height=&#8220;1.5em&#8220; header_3_font=&#8220;||||||||&#8220; header_4_font=&#8220;||||||||&#8220; header_5_font=&#8220;||||||||&#8220; header_6_font=&#8220;Lato|700|||||||&#8220; header_6_font_size=&#8220;18px&#8220; header_6_letter_spacing=&#8220;1px&#8220; header_6_line_height=&#8220;1.8em&#8220; text_orientation=&#8220;center&#8220; background_layout=&#8220;dark&#8220; max_width=&#8220;700px&#8220; module_alignment=&#8220;center&#8220; custom_padding=&#8220;30px|||||&#8220; header_2_font_size_tablet=&#8220;&#8220; header_2_font_size_phone=&#8220;22px&#8220; header_2_font_size_last_edited=&#8220;on|phone&#8220; global_colors_info=&#8220;{%22gcid-b90036fe-293e-4e01-8725-a17dca2ef2b9%22:%91%22text_text_color%22,%22header_text_color%22%93,%22gcid-5a508167-3c09-4727-acdd-2da422f6ae76%22:%91%93}&#8220;]<\/p>\n<h1>Terminanfragen<\/h1>\n<p>[\/et_pb_text][et_pb_text admin_label=&#8220;Title&#8220; _builder_version=&#8220;4.18.0&#8243; text_font=&#8220;|300|||||||&#8220; text_text_color=&#8220;gcid-b90036fe-293e-4e01-8725-a17dca2ef2b9&#8243; text_font_size=&#8220;25px&#8220; text_line_height=&#8220;1em&#8220; link_font=&#8220;||||||||&#8220; ul_font=&#8220;||||||||&#8220; ol_font=&#8220;||||||||&#8220; quote_font=&#8220;||||||||&#8220; header_font=&#8220;Satisfy||||||||&#8220; header_text_color=&#8220;#5b5b5b&#8220; header_font_size=&#8220;49px&#8220; header_2_font=&#8220;Lato|700|||||||&#8220; header_2_font_size=&#8220;40px&#8220; header_2_letter_spacing=&#8220;1px&#8220; header_2_line_height=&#8220;1.5em&#8220; header_3_font=&#8220;||||||||&#8220; header_4_font=&#8220;||||||||&#8220; header_5_font=&#8220;||||||||&#8220; header_6_font=&#8220;Lato|700|||||||&#8220; header_6_font_size=&#8220;18px&#8220; header_6_letter_spacing=&#8220;1px&#8220; header_6_line_height=&#8220;1.8em&#8220; text_orientation=&#8220;center&#8220; background_layout=&#8220;dark&#8220; max_width=&#8220;700px&#8220; module_alignment=&#8220;center&#8220; custom_margin=&#8220;-20px||||false|false&#8220; custom_margin_tablet=&#8220;&#8220; custom_margin_phone=&#8220;&#8220; custom_margin_last_edited=&#8220;on|desktop&#8220; text_line_height_tablet=&#8220;&#8220; text_line_height_phone=&#8220;&#8220; text_line_height_last_edited=&#8220;on|desktop&#8220; header_2_font_size_tablet=&#8220;&#8220; header_2_font_size_phone=&#8220;22px&#8220; header_2_font_size_last_edited=&#8220;on|phone&#8220; global_colors_info=&#8220;{%22gcid-b90036fe-293e-4e01-8725-a17dca2ef2b9%22:%91%22text_text_color%22%93}&#8220;]<\/p>\n<p>Ihr Massagetermin in der Massagepraxis Helga Huber!<\/p>\n<p>[\/et_pb_text][et_pb_contact_form captcha=&#8220;off&#8220; email=&#8220;mail@massagepraxishelgahuber.at&#8220; submit_button_text=&#8220;Nachricht senden&#8220; module_id=&#8220;et_pb_contact_form_0&#8243; _builder_version=&#8220;4.20.4&#8243; _unique_id=&#8220;d9cdd83a-fcad-41f1-86f3-47e24fa0bf2f&#8220; form_field_background_color=&#8220;#ffffff&#8220; title_font=&#8220;||||||||&#8220; form_field_font=&#8220;Lato||||||||&#8220; form_field_font_size=&#8220;16px&#8220; custom_button=&#8220;on&#8220; button_text_size=&#8220;14px&#8220; button_text_color=&#8220;gcid-e7c51b59-300c-4e3d-8936-2bafa78fc5b8&#8243; button_bg_color=&#8220;gcid-9baae3b6-fe1d-458c-aa0b-9480b210272b&#8220; button_border_width=&#8220;12px&#8220; button_border_color=&#8220;gcid-9baae3b6-fe1d-458c-aa0b-9480b210272b&#8220; button_border_radius=&#8220;0px&#8220; button_letter_spacing=&#8220;2px&#8220; button_font=&#8220;Lato|||on|||||&#8220; button_icon=&#8220;&#x24;||divi||400&#8243; button_custom_margin=&#8220;11px|220px||220px|false|true&#8220; button_custom_margin_tablet=&#8220;&#8220; button_custom_margin_phone=&#8220;37px|45px||45px|false|true&#8220; button_custom_margin_last_edited=&#8220;on|desktop&#8220; max_width=&#8220;700px&#8220; module_alignment=&#8220;center&#8220; animation_style=&#8220;slide&#8220; animation_direction=&#8220;bottom&#8220; animation_intensity_slide=&#8220;5%&#8220; border_radii=&#8220;on|3px|3px|3px|3px&#8220; box_shadow_style_button=&#8220;preset2&#8243; form_background_color=&#8220;#ffffff&#8220; global_colors_info=&#8220;{%22gcid-5a508167-3c09-4727-acdd-2da422f6ae76%22:%91%93,%22gcid-b90036fe-293e-4e01-8725-a17dca2ef2b9%22:%91%93,%22gcid-be6f5531-6e40-4dfa-bea7-221ab96e3646%22:%91%93,%22gcid-9baae3b6-fe1d-458c-aa0b-9480b210272b%22:%91%22button_bg_color%22,%22button_border_color%22%93,%22gcid-54d003c8-b732-4ce4-910f-641b186f3342%22:%91%93,%22gcid-e7c51b59-300c-4e3d-8936-2bafa78fc5b8%22:%91%22button_text_color%22%93}&#8220;][et_pb_contact_field field_id=&#8220;Email_Adresse&#8220; field_title=&#8220;Email Addresse&#8220; field_type=&#8220;email&#8220; fullwidth_field=&#8220;on&#8220; _builder_version=&#8220;4.16&#8243; global_colors_info=&#8220;{}&#8220; button_text_size__hover_enabled=&#8220;off&#8220; button_one_text_size__hover_enabled=&#8220;off&#8220; button_two_text_size__hover_enabled=&#8220;off&#8220; button_text_color__hover_enabled=&#8220;off&#8220; button_one_text_color__hover_enabled=&#8220;off&#8220; button_two_text_color__hover_enabled=&#8220;off&#8220; button_border_width__hover_enabled=&#8220;off&#8220; button_one_border_width__hover_enabled=&#8220;off&#8220; button_two_border_width__hover_enabled=&#8220;off&#8220; button_border_color__hover_enabled=&#8220;off&#8220; button_one_border_color__hover_enabled=&#8220;off&#8220; button_two_border_color__hover_enabled=&#8220;off&#8220; button_border_radius__hover_enabled=&#8220;off&#8220; button_one_border_radius__hover_enabled=&#8220;off&#8220; button_two_border_radius__hover_enabled=&#8220;off&#8220; button_letter_spacing__hover_enabled=&#8220;off&#8220; button_one_letter_spacing__hover_enabled=&#8220;off&#8220; button_two_letter_spacing__hover_enabled=&#8220;off&#8220; button_bg_color__hover_enabled=&#8220;off&#8220; button_one_bg_color__hover_enabled=&#8220;off&#8220; button_two_bg_color__hover_enabled=&#8220;off&#8220;][\/et_pb_contact_field][et_pb_contact_field field_id=&#8220;Full_Name&#8220; field_title=&#8220;Name&#8220; _builder_version=&#8220;4.16&#8243; global_colors_info=&#8220;{}&#8220; button_text_size__hover_enabled=&#8220;off&#8220; button_one_text_size__hover_enabled=&#8220;off&#8220; button_two_text_size__hover_enabled=&#8220;off&#8220; button_text_color__hover_enabled=&#8220;off&#8220; button_one_text_color__hover_enabled=&#8220;off&#8220; button_two_text_color__hover_enabled=&#8220;off&#8220; button_border_width__hover_enabled=&#8220;off&#8220; button_one_border_width__hover_enabled=&#8220;off&#8220; button_two_border_width__hover_enabled=&#8220;off&#8220; button_border_color__hover_enabled=&#8220;off&#8220; button_one_border_color__hover_enabled=&#8220;off&#8220; button_two_border_color__hover_enabled=&#8220;off&#8220; button_border_radius__hover_enabled=&#8220;off&#8220; button_one_border_radius__hover_enabled=&#8220;off&#8220; button_two_border_radius__hover_enabled=&#8220;off&#8220; button_letter_spacing__hover_enabled=&#8220;off&#8220; button_one_letter_spacing__hover_enabled=&#8220;off&#8220; button_two_letter_spacing__hover_enabled=&#8220;off&#8220; button_bg_color__hover_enabled=&#8220;off&#8220; button_one_bg_color__hover_enabled=&#8220;off&#8220; button_two_bg_color__hover_enabled=&#8220;off&#8220;][\/et_pb_contact_field][et_pb_contact_field field_id=&#8220;Phone_Number&#8220; field_title=&#8220;Telefonnummer&#8220; _builder_version=&#8220;4.16&#8243; global_colors_info=&#8220;{}&#8220; button_text_size__hover_enabled=&#8220;off&#8220; button_one_text_size__hover_enabled=&#8220;off&#8220; button_two_text_size__hover_enabled=&#8220;off&#8220; button_text_color__hover_enabled=&#8220;off&#8220; button_one_text_color__hover_enabled=&#8220;off&#8220; button_two_text_color__hover_enabled=&#8220;off&#8220; button_border_width__hover_enabled=&#8220;off&#8220; button_one_border_width__hover_enabled=&#8220;off&#8220; button_two_border_width__hover_enabled=&#8220;off&#8220; button_border_color__hover_enabled=&#8220;off&#8220; button_one_border_color__hover_enabled=&#8220;off&#8220; button_two_border_color__hover_enabled=&#8220;off&#8220; button_border_radius__hover_enabled=&#8220;off&#8220; button_one_border_radius__hover_enabled=&#8220;off&#8220; button_two_border_radius__hover_enabled=&#8220;off&#8220; button_letter_spacing__hover_enabled=&#8220;off&#8220; button_one_letter_spacing__hover_enabled=&#8220;off&#8220; button_two_letter_spacing__hover_enabled=&#8220;off&#8220; button_bg_color__hover_enabled=&#8220;off&#8220; button_one_bg_color__hover_enabled=&#8220;off&#8220; button_two_bg_color__hover_enabled=&#8220;off&#8220;][\/et_pb_contact_field][et_pb_contact_field field_id=&#8220;Message&#8220; field_title=&#8220;Ihre Nachricht&#8220; field_type=&#8220;text&#8220; fullwidth_field=&#8220;on&#8220; _builder_version=&#8220;4.16&#8243; global_colors_info=&#8220;{}&#8220; button_text_size__hover_enabled=&#8220;off&#8220; button_one_text_size__hover_enabled=&#8220;off&#8220; button_two_text_size__hover_enabled=&#8220;off&#8220; button_text_color__hover_enabled=&#8220;off&#8220; button_one_text_color__hover_enabled=&#8220;off&#8220; button_two_text_color__hover_enabled=&#8220;off&#8220; button_border_width__hover_enabled=&#8220;off&#8220; button_one_border_width__hover_enabled=&#8220;off&#8220; button_two_border_width__hover_enabled=&#8220;off&#8220; button_border_color__hover_enabled=&#8220;off&#8220; button_one_border_color__hover_enabled=&#8220;off&#8220; button_two_border_color__hover_enabled=&#8220;off&#8220; button_border_radius__hover_enabled=&#8220;off&#8220; button_one_border_radius__hover_enabled=&#8220;off&#8220; button_two_border_radius__hover_enabled=&#8220;off&#8220; button_letter_spacing__hover_enabled=&#8220;off&#8220; button_one_letter_spacing__hover_enabled=&#8220;off&#8220; button_two_letter_spacing__hover_enabled=&#8220;off&#8220; button_bg_color__hover_enabled=&#8220;off&#8220; button_one_bg_color__hover_enabled=&#8220;off&#8220; button_two_bg_color__hover_enabled=&#8220;off&#8220;][\/et_pb_contact_field][\/et_pb_contact_form][\/et_pb_column][\/et_pb_row][\/et_pb_section]<\/p>\n","protected":false},"excerpt":{"rendered":"<p>Helga HuberMassagepraxis Helga HuberMasseurin Habichtweg 12(Himmelreich)4844 Regau Telefon: 0664 547 9 347 Ich bem\u00fche mich um schnelle Terminvergabe und ber\u00fccksichtige ebenfalls Akut- und Problemf\u00e4lle. Um telefonische Terminvereinbarung wird gebeten. Sie k\u00f6nnen mit mir auch einen Termin im Medic-Fit Therapiezentrum V\u00f6cklabruck vereinbaren: https:\/\/www.medic-fit.at\/ &nbsp; Ich bem\u00fche mich um schnelle Terminvergabe und ber\u00fccksichtige ebenfalls Akut- und Problemf\u00e4lle. [&hellip;]<\/p>\n","protected":false},"author":2,"featured_media":0,"parent":0,"menu_order":0,"comment_status":"closed","ping_status":"closed","template":"","meta":{"_et_pb_use_builder":"on","_et_pb_old_content":"","_et_gb_content_width":"","footnotes":""},"class_list":["post-656","page","type-page","status-publish","hentry"],"_links":{"self":[{"href":"https:\/\/massagepraxishelgahuber.at\/index.php\/wp-json\/wp\/v2\/pages\/656","targetHints":{"allow":["GET"]}}],"collection":[{"href":"https:\/\/massagepraxishelgahuber.at\/index.php\/wp-json\/wp\/v2\/pages"}],"about":[{"href":"https:\/\/massagepraxishelgahuber.at\/index.php\/wp-json\/wp\/v2\/types\/page"}],"author":[{"embeddable":true,"href":"https:\/\/massagepraxishelgahuber.at\/index.php\/wp-json\/wp\/v2\/users\/2"}],"replies":[{"embeddable":true,"href":"https:\/\/massagepraxishelgahuber.at\/index.php\/wp-json\/wp\/v2\/comments?post=656"}],"version-history":[{"count":13,"href":"https:\/\/massagepraxishelgahuber.at\/index.php\/wp-json\/wp\/v2\/pages\/656\/revisions"}],"predecessor-version":[{"id":844,"href":"https:\/\/massagepraxishelgahuber.at\/index.php\/wp-json\/wp\/v2\/pages\/656\/revisions\/844"}],"wp:attachment":[{"href":"https:\/\/massagepraxishelgahuber.at\/index.php\/wp-json\/wp\/v2\/media?parent=656"}],"curies":[{"name":"wp","href":"https:\/\/api.w.org\/{rel}","templated":true}]}}